 15, -5*q - 4*j = -30. What is the units digit of q?
6
Let u = -15 - -15. Let z(i) be the third derivative of i**6/120 - i**4/24 + 2*i**3/3 + i**2. What is the units digit of z(u)?
4
What is the hundreds digit of -2 + 154 - (1 - (-1 + -1))?
1
Suppose -5*s + 61 = -3*u + 4*u, 156 = 4*u - 2*s. What is the tens digit of u?
4
Suppose -3*o - 1 + 34 = 0. Let b(m) = m**2 - 11*m + 2. What is the units digit of b(o)?
2
Suppose 4*h - 45 = -3*c - 10, -4*c + 35 = 3*h. Let f = h + 8. What is the units digit of f?
3
Let c(j) = -2*j**3 + 0*j - 2*j + 0*j**3 - j**2 + j. Let l be c(-1). Suppose -3*s + s = l, 2*k = 4*s + 10. What is the units digit of k?
3
Suppose j - 34 = -3*p, 59 = 4*p - j + 23. What is the tens digit of p?
1
Let q(h) = h**3 - 3*h**2 - 3. What is the tens digit of q(4)?
1
Suppose -4*l + 4*x - 7 = -3, 5*l - 7 = 2*x. Let u(a) = 6*a**2 + a. Let f be u(-1). What is the units digit of f + -4 + -1 + l?
3
Let y = -14 - -31. Let g(x) = -x**2 + 18*x - 4. What is the units digit of g(y)?
3
Let v(w) = -w - 7. Let u be v(-6). Let s be (u + (-2)/(-4))*-2. Suppose b - 3 - s = 0. What is the units digit of b?
4
Let n(l) = 4*l**2 - 6*l + 2. Let j be n(6). Suppose j = 5*h + 5*b, -5*h = -2*b - 62 - 34. What is the tens digit of h?
2
Let l(m) = m**2 - 3*m + 3. What is the units digit of l(-3)?
1
Suppose 3*q + 4 = -q. Let f = 1 + q. What is the units digit of (f + 2)/1 - -1?
3
Let b be (-40)/(-84)*9 - (-4)/(-14). Let a = 47 + -28. Suppose 3*h + 21 = -h - 5*p, a = -h - b*p. What is the units digit of h?
1
Let y(q) = -2*q + 0*q**2 - 2*q + q**2 - 3 + 3*q. Let w be y(3). Suppose -w*r = -f - 30, 5*f - 3*f - 39 = -3*r. What is the units digit of r?
1
Let h = 11 - 11. Suppose h = 2*m - 6 - 38. What is the units digit of m?
2
Let w(x) = -2*x - 9. Let g be w(-6). Let i = g + -1. Suppose 2*p - i*y = 4*p, 45 = 5*p - 4*y. What is the units digit of p?
5
Let q(k) = k**2 - 10*k + 5. Let z be q(10). Suppose -5*r - 5*n + z = -55, 0 = -4*r - 2*n + 40. What is the units digit of r?
8
Suppose 2*z - 22 = 3*b + 27, 2*z - 48 = 2*b. What is the tens digit of z?
2
Let l = 65 + -45. What is the units digit of l?
0
Let o = 12 + -25. Let j = 38 + o. What is the units digit of j?
5
What is the tens digit of (6 - 4) + 110/(1 - 0)?
1
Suppose 1521 = -7*o + 4594. What is the hundreds digit of o?
4
Let r be 110/3*(-9)/(-6). Suppose -3*p = -59 - r. What is the tens digit of p?
3
Let x(r) = 2*r + 13. Let j be x(-10). Let k = j - -14. What is the units digit of k?
7
Suppose 2*u = y + 35 + 44, 2*u + 5*y - 61 = 0. Suppose -w + 3*n - u = -5*w, 0 = 5*w + n - 53. What is the units digit of w?
1
Suppose 5*q = 9*q - 60. What is the tens digit of q?
1
Suppose 4*q - 4 = 12. What is the units digit of q?
4
Let b = 78 + -55. What is the units digit of b?
3
What is the tens digit of ((-438)/(-15))/(8/20)?
7
Let x(p) = -p**2 + 6*p - 2. Let k be x(4). Suppose t = k*t. Suppose t = 3*o - 6 - 15. What is the units digit of o?
7
Let f(c) = c**2 + 7. Let t be f(5). Suppose 4*a - 20 = t. What is the units digit of a?
3
Let g(w) = -w**3 + 6*w**2 + 7*w + 4. Let c be g(7). Suppose -i + 0 = p - 7, -13 = -c*i - p. What is the units digit of i?
2
Let d(l) = 2*l - 8. Let v be d(5). Suppose 14 = v*c - 4. What is the units digit of c?
9
Let g(a) = -4 + 7*a - 3*a + a**2 - 3*a. Let f be g(0). Let m = -2 - f. What is the units digit of m?
2
Suppose 9 = 3*r + 5*w, -5*r + 12 = -r - 4*w. Suppose -5*n = -3*f + 89, 48 + 33 = r*f - 3*n. What is the tens digit of f?
2
Let q(a) = 48*a**2 - 5*a + 1. What is the tens digit of q(2)?
8
Suppose 52 = 2*s - 72. Suppose 0 = -3*v - 4*p + s, 3*v + 9 = 4*v - p. What is the units digit of v?
4
Let f(b) = 22*b - 27. What is the units digit of f(7)?
7
Let u = -5 - -5. Suppose -3*v - 7 + u = -5*r, 8 = 4*r - 3*v. What is the units digit of (0 + r - -7) + -2?
4
Suppose 7*h = 12*h - 35. What is the units digit of 123/4 - h/(-28)?
1
Suppose -p + 2*p + 24 = 0. Let w = -16 - p. What is the units digit of w?
8
Suppose -4*y + 1 = 2*k - 1, 3*k - 5 = -5*y. Suppose 3*i = 2*i - k*x + 13, 5*x = -3*i + 19. What is the units digit of i?
3
Let u be 0/((-1 - 2)/(-3)). Suppose q = 3*s - 21, u = q + 6*s - 4*s - 4. What is the units digit of (8/(-12))/(4/q)?
1
Suppose 20*k - 27*k = -763. What is the units digit of k?
9
Let y = -55 + 75. What is the units digit of y?
0
Suppose -m - 5*a + 63 = -10*a, 0 = -3*a - 15. What is the tens digit of m?
3
Suppose 12 = 5*s - s. Let p(m) = 2 - s + 5 - m. What is the units digit of p(0)?
4
Let k(f) = f**3 + 5*f**2 + 3*f. Let n(l) = l - 1. Let j be n(-3). Let x be k(j). What is the units digit of x/(-18) - 303/(-27)?
1
Suppose -5*i + 3*l + 20 = 4*l, 5*i - 35 = -4*l. Suppose 4*n - 10 = i*n. Suppose 4*c = -n + 42. What is the units digit of c?
8
Suppose -3*c + 4*x + 102 = 6*x, 5*x = 0. What is the units digit of c?
4
Let j = 22 + -15. Suppose 2*i - i = -4*u + j, -4*i - 8 = 4*u. Suppose -4*l + 3*x = 2*x - 48, 2*l + u*x - 38 = 0. What is the units digit of l?
3
Suppose 0*c + 6 = -c. Let t(f) = -f**2 - 7*f - 8. Let o(r) = 2*r**2 + 14*r + 16. Let l(n) = 3*o(n) + 5*t(n). What is the units digit of l(c)?
2
Suppose 0 = 9*n - 2*n - 294. What is the tens digit of n?
4
Suppose -4*x = -0*x. Suppose n + n = x. Suppose j - 5 = -n. What is the units digit of j?
5
Suppose 2*z + w = 10, -2*z + z + 23 = 5*w. Suppose z*c - 38 = -j - 15, -4*c - 44 = -j. What is the units digit of j?
2
Suppose 0 = -5*w - 5*q - 80, 0 = 2*w - 2*q + q + 38. Let a = -13 - w. Suppose -j = -3*r + 10, -35 = -2*r - 0*r - a*j. What is the units digit of r?
5
Suppose 0 = 5*v - 1 - 109. What is the units digit of v?
2
Let s = 74 - -4. What is the tens digit of s?
7
Suppose 0 = -5*c - 1 + 11. Let x = -1 - c. What is the units digit of (-4)/(((-9)/(-6))/x)?
8
Suppose -2*y + 70 = 5*f, 58 = 3*f + y - 3*y. What is the units digit of f?
6
Let y(g) = -g**3 + 3*g**2 + 4*g. Let j be y(4). Let x be j - ((-5 - -3) + 5). Let h = x - -11. What is the units digit of h?
8
Suppose -2*c = c - 12. Suppose -c*v = w - 170, -2*w + 4*w - 4 = 0. What is the tens digit of v?
4
Let i(f) = -2*f + 3. Let s(q) = q**2 - 5*q - 6. Let v be s(5). What is the units digit of i(v)?
5
Let u = 33 + -16. Let z = u - 11. What is the units digit of z?
6
Let f = 11 + -8. Suppose -f*g + 24 = -0*g. Suppose 0 = -5*x + 3*x + g. What is the units digit of x?
4
Let l(q) be the first derivative of 19*q - 1 - 1/2*q**2. What is the units digit of l(8)?
1
Let a = 21 - 17. Suppose 3*k = -4*l + 35, 3*k - 76 + 9 = a*l. What is the tens digit of k?
1
Let n(x) = -6 + x - 3 + 2*x. What is the units digit of n(6)?
9
What is the tens digit of (1 - 18)*(-12 - -11)?
1
Let g(f) = -4*f**2 + 0*f**2 + 7*f**2. What is the units digit of g(2)?
2
Let g(b) = 2*b + 7. Let r be g(-6). What is the units digit of r/((-10)/(-6))*-2?
6
Let u(r) = 3*r - 3. Let m be u(-4). What is the tens digit of (-1 + m)/(11/(-22))?
3
Suppose 26 + 19 = 5*v. Suppose v - 69 = -4*g. What is the units digit of g?
5
Let b(h) = -h**3 - 9*h**2 - 14*h + 18. What is the tens digit of b(-8)?
6
Suppose 5*y - 20 = 90. What is the tens digit of y?
2
Suppose 2*k - 112 = -2*k. What is the tens digit of k?
2
Let s be ((-12)/18)/((-4)/18). Suppose a + s*l = 11, 6*l - 15 = -a + 2*l. Let d = 5 - a. What is the units digit of d?
6
Let c be (-26)/(-4) - (-2)/(-4). Let o(b) = b + 2*b - 2*b. What is the units digit of o(c)?
6
Let m(y) = -y**3 - 7*y**2 - 4*y - 6. What is the units digit of m(-7)?
2
What is the units digit of ((-104)/(-20) - 4)*(-335)/(-2)?
1
Suppose t + 10 = -5*s, 5*s + 7 = t - 13. What is the units digit of t?
5
Let x = 1 - 3. Let h be 3/x*(-12)/9. What is the units digit of (-6)/((-5)/(15/h))?
9
Let a be 3*(-2)/((-4)/2). Let r = 0 + a. Suppose -2 = g - r. What is the units digit of g?
1
Let g be 510/70 + 2/(-7). What is the units digit of 36/42*g*3?
8
Suppose -2*r + a = -a, 0 = 2*r + 3*a. Let i(u) = -u**2 + u - 21. Let c be i(r). Let k = 29 + c. What is the units digit of k?
8
Let f be (-4)/(-20) + (-64)/(-5). Suppose -2*m + 7 = -f. What is the units digit of 93/7 + m/(-35)?
3
Suppose 4*n = -2*y + 346, n - 2*y - 41 = 38. What is the units digit of n?
5
Let n(x) = -x**3 + 3*x**2 + 7*x + 1. Let f be n(5). Let o = 4 - 4. What is the units digit of ((f + o)/(-2))/1?
7
Let r = 4 - 4. Suppose 12 = -n - 0*n - 5*i, r = n + i. What is 